he prime factors of 78628530?
2, 3, 5, 2620951
List the prime factors of 7418668.
2, 47, 39461
List the prime factors of 104628031.
199, 525769
What are the prime factors of 1676397543?
3, 71, 7870411
What are the prime factors of 96599178?
2, 3, 13, 53, 7789
What are the prime factors of 1754016237?
3, 194890693
List the prime factors of 2771817104.
2, 7, 47, 75223
What are the prime factors of 13287625?
5, 13, 17, 37
List the prime factors of 41426874.
2, 3, 2301493
What are the prime factors of 213439700?
2, 5, 347, 6151
List the prime factors of 411948930.
2, 3, 5, 17, 107, 7549
What are the prime factors of 136641346?
2, 71, 13553
What are the prime factors of 10374120?
2, 3, 5, 28817
List the prime factors of 147232724.
2, 1439, 25579
List the prime factors of 65113892.
2, 53, 101, 3041
What are the prime factors of 105818511?
3, 113, 283, 1103
List the prime factors of 32597941.
89, 366269
List the prime factors of 2312407919.
2312407919
List the prime factors of 551542430.
2, 5, 199, 277157
What are the prime factors of 176141995?
5, 67, 509, 1033
What are the prime factors of 4522723491?
3, 11, 13, 10542479
List the prime factors of 267095471.
267095471
List the prime factors of 6208399.
379, 16381
List the prime factors of 632524645.
5, 197, 642157
List the prime factors of 28534512.
2, 3, 594469
What are the prime factors of 4969383?
3, 127, 13043
What are the prime factors of 6149340?
2, 3, 5, 127, 269
What are the prime factors of 1972371050?
2, 5, 13, 191, 15887
List the prime factors of 879777993.
3, 163, 1799137
List the prime factors of 374270866.
2, 59, 3171787
What are the prime factors of 252310856?
2, 7, 4505551
What are the prime factors of 842206073?
842206073
What are the prime factors of 2379377010?
2, 3, 5, 79312567
List the prime factors of 43868083.
7, 617, 1451
List the prime factors of 3522517945.
5, 2239, 314651
What are the prime factors of 43692032?
2, 10667
What are the prime factors of 152837837?
17, 73, 107, 1151
What are the prime factors of 517675782?
2, 3, 13, 79, 84011
List the prime factors of 113767041.
3, 19, 1995913
List the prime factors of 188226649.
13, 14478973
What are the prime factors of 800910306?
2, 3, 7, 19, 334549
List the prime factors of 253255658.
2, 126627829
List the prime factors of 486943907.
61, 859, 9293
What are the prime factors of 13935237?
3, 53, 87643
What are the prime factors of 133168214?
2, 66584107
What are the prime factors of 301114397?
389, 774073
What are the prime factors of 118692437?
47, 2525371
What are the prime factors of 248947562?
2, 124473781
What are the prime factors of 55393413?
3, 431, 42841
What are the prime factors of 297814785?
3, 5, 3761, 5279
What are the prime factors of 2632051284?
2, 3, 457, 479951
What are the prime factors of 78200392?
2, 233, 41953
What are the prime factors of 252203042?
2, 7, 13, 31, 44701
List the prime factors of 2878089371.
2878089371
What are the prime factors of 1085416617?
3, 227, 1593857
What are the prime factors of 14060242?
2, 7, 1004303
List the prime factors of 4094324486.
2, 7, 292451749
What are the prime factors of 122677582?
2, 61338791
List the prime factors of 6550125.
3, 5, 17467
What are the prime factors of 953054708?
2, 3299, 72223
List the prime factors of 110986638.
2, 3, 7, 19, 23, 6047
What are the prime factors of 185178716?
2, 307, 150797
What are the prime factors of 3271025192?
2, 408878149
What are the prime factors of 362674175?
5, 17, 661, 1291
What are the prime factors of 515043322?
2, 17, 15148333
What are the prime factors of 89214404?
2, 31, 113, 6367
What are the prime factors of 803970959?
11, 19, 3846751
List the prime factors of 110626529.
13, 53, 307, 523
List the prime factors of 583169414.
2, 353, 826019
What are the prime factors of 1029318965?
5, 1163, 177011
List the prime factors of 5847090217.
197, 29680661
List the prime factors of 1086642978.
2, 3, 181107163
What are the prime factors of 4228690?
2, 5, 422869
What are the prime factors of 2120645099?
619, 3425921
What are the prime factors of 1123892371?
7, 67, 342337
List the prime factors of 15466803.
3, 11, 468691
What are the prime factors of 1520013936?
2, 3, 7, 4523851
List the prime factors of 494311778.
2, 247155889
What are the prime factors of 166176248?
2, 7, 241, 1759
What are the prime factors of 2221943253?
3, 740647751
What are the prime factors of 965785316?
2, 1621, 148949
What are the prime factors of 298383470?
2, 5, 7, 11, 479, 809
List the prime factors of 9914349.
3, 17, 73, 2663
List the prime factors of 57847985.
5, 13, 547, 1627
List the prime factors of 8519952.
2, 3, 7, 25357
List the prime factors of 46544438.
2, 887, 26237
What are the prime factors of 1528003552?
2, 47750111
List the prime factors of 1444712289.
3, 481570763
List the prime factors of 1023202185.
3, 5, 68213479
What are the prime factors of 138496028?
2, 11, 47, 193, 347
List the prime factors of 24427.
13, 1879
What are the prime factors of 500683953?
3, 7, 11, 19, 114077
List the prime factors of 30439240.
2, 5, 13, 58537
List the prime factors of 252836089.
11, 22985099
What are the prime factors of 8258594866?
2, 17, 23, 31, 101, 3373
What are the prime factors of 1095116217?
3, 13, 17, 43, 107, 359
What are the prime factors of 56664179?
11, 13, 17, 163
What are the prime factors of 24685973?
13, 1898921
List the prime factors of 4517729339.
43, 2971, 35363
What are the prime factors of 166937430?
2, 3, 5, 11, 505871
List the prime factors of 321061303.
17, 59, 320101
List the prime factors of 987365600.
2, 5, 13, 67, 109
What are the prime factors of 71898157?
53, 613, 2213
List the prime factors of 93957128.
2, 19, 53, 107, 109
What are the prime factors of 854481?
3, 41, 6947
List the prime factors of 50754232.
2, 37, 171467
What are the prime factors of 31088141?
7, 4441163
What are the prime factors of 31958726?
2, 15979363
What are the prime factors of 94503627?
3, 71, 2083
What are the prime factors of 64883066?
2, 71, 456923
List the prime factors of 1773823954.
2, 7, 311, 407401
What are the prime factors of 3507227284?
2, 11, 31, 2571281
List the prime factors of 684429674.
2, 131, 2612327
List the prime factors of 665313630.
2, 3, 5, 31, 43, 127, 131
What are the prime factors of 245198873?
5351, 45823
List the prime factors of 1225810051.
887, 1381973
What are the prime factors of 1394859737?
83, 16805539
What are the prime factors of 535824195?
3, 5, 37, 163, 5923
List the prime factors of 279799052.
2, 13, 5380751
What are the prime factors of 5199596417?
47, 110629711
What are the prime factors of 107334951?
3, 23, 1555579
What are the prime factors of 2492084838?
2, 3, 647, 641959
What are the prime factors of 38258285?
5, 13, 61, 9649
List the prime factors of 98860880.
2, 5, 1235761
What are the prime factors of 278596647?
3, 7, 4422169
What are the prime factors of 233046204?
2, 3, 29, 669673
What are the prime factors of 205876353?
3, 68625451
What are the prime factors of 2237546977?
18341, 121997
List the prime factors of 76852220.
2, 5, 59, 65129
What are the prime factors of 4281419542?
2, 17851, 119921
What are the prime factors of 3025733066?
2, 17, 2797, 31817
What are the prime factors of 294173450?
2, 5, 23, 255803
What are the prime factors of 67399782?
2, 3, 53, 211949
List the prime factors of 65053126.
2, 89, 365467
What are the prime factors of 141799256?
2, 97, 359, 509
What are the prime factors of 200386130?
2, 5, 7, 1063, 2693
What are the prime factors of 183830498?
2, 73, 1259113
What are the prime factors of 286540456?
2, 877, 40841
List the prime factors of 388692420.
2, 3, 5, 17, 381071
List the prime factors of 150120121.
19, 313, 25243
List the prime factors of 22650298.
2, 11, 863, 1193
List the prime factors of 55129930.
2, 5, 1303, 4231
List the prime factors of 22593600.
2, 3, 5, 523
List the prime factors of 4524202.
2, 31, 43, 1697
What are the prime factors of 267753119?
181, 1153, 1283
List the prime factors of 41837438.
2, 643, 32533
List the prime factors of 147875039.
13, 11375003
List the prime factors of 76550026.
2, 7, 23, 237733
List the prime factors of 34114603.
3671, 9293
What are the prime factors of 2303230837?
29, 79421753
What are the prime factors of 